 = -30*b + 203. Give g(7).
-7
Let j(b) = -7*b - 11. Calculate j(-11).
66
Let g(k) = 34*k**3 - k**2 + 5*k - 4. Determine g(1).
34
Let b(t) = -2*t**3 + 43*t**2 - 21*t - 12. What is b(21)?
-12
Let q(z) = -10*z + 7. Determine q(-3).
37
Let v(p) = -10*p - 5. What is v(0)?
-5
Let j(z) = -z**2 - 21*z + 98. Give j(-25).
-2
Let q(y) = -y**2 + 12*y - 2. Calculate q(9).
25
Let m(p) = p + 5. Determine m(-9).
-4
Let l(k) = 2*k + 16. Give l(-11).
-6
Let c(x) = -x**3 + 6*x**2 - 5*x + 77. Give c(7).
-7
Let n(u) = 3*u - 2. Determine n(-3).
-11
Let k(u) = 2*u**2 - 19*u + 41. Give k(5).
-4
Let r(b) = -9*b + 54. Calculate r(9).
-27
Let a(f) = f**3 + 7*f**2 - 4*f + 10. Determine a(-7).
38
Let u(r) = 21*r + 3. What is u(-1)?
-18
Let b(c) = -c**3 - c**2 + 10*c - 7. Calculate b(-4).
1
Let d(o) = -2*o**2 + 20*o + 38. Determine d(13).
-40
Let d(v) = -112*v**2 - v + 2. Give d(1).
-111
Let h(f) = -11*f**2 - 7*f - 6. Determine h(-1).
-10
Let l(j) = -j**3 + 4*j**2 - j - 8. Determine l(3).
-2
Let v(j) = -j**3 - 8*j**2 + 18*j + 11. Give v(-10).
31
Let h(f) = -f**2 - 18*f - 36. Give h(-14).
20
Let h(v) = -v - 12. Determine h(-11).
-1
Let z(w) = -w**3 - 7*w**2 + 7*w - 4. Calculate z(-8).
4
Let a(r) = r**3 + 10*r**2 - 9*r + 3. Give a(-11).
-19
Let u(c) = -2*c + 33. Give u(19).
-5
Let j(p) = 26*p. Determine j(2).
52
Let y(t) = t**3 + 38*t**2 + 37*t - 109. What is y(-37)?
-109
Let z(q) = 47*q**2 - 8*q + 8. What is z(1)?
47
Let z(a) = -a**2 + 20*a + 39. What is z(-2)?
-5
Let y(n) = n**2 + 53*n - 637. Determine y(10).
-7
Let p(s) = s**2 + 3*s - 5. Calculate p(4).
23
Let n(g) = g**3 + 15*g**2 + 14*g + 12. Give n(-14).
12
Let p(m) = m**3 + 4*m**2 - 9*m + 3. Determine p(-7).
-81
Let y(o) = -o**3 + o**2 + o - 3. What is y(0)?
-3
Let d(s) = -2*s**2 + 33*s - 54. Calculate d(15).
-9
Let r(z) = -37*z - 623. Determine r(-17).
6
Let f(b) = b**2 - 17*b + 53. What is f(5)?
-7
Let d(p) = -4*p + 3. Determine d(-1).
7
Let i(b) = 3*b - 18. Give i(6).
0
Let j(g) = -5*g + 30. What is j(6)?
0
Let j(g) = g**3 + 9*g**2 + 18*g - 1. Determine j(-4).
7
Let j(f) = -f - 1. Determine j(-3).
2
Let r(m) = 3*m + 3. Calculate r(-2).
-3
Let o(h) = -2*h**2 + 49*h - 60. Give o(22).
50
Let g(j) = -19*j + 3. What is g(1)?
-16
Let d(s) = -s**3 + 8*s**2 + 9*s + 6. What is d(9)?
6
Let d(l) = -2*l + 64. What is d(24)?
16
Let t(p) = -4*p**3 - 10*p**2 - 3*p - 7. Determine t(-4).
101
Let d(o) = -o - 4. Give d(-11).
7
Let f(x) = 2*x**3 + 27*x**2 + 34*x - 22. Give f(-12).
2
Let q(y) = y - 7. What is q(2)?
-5
Let t(h) = -h - 6. Calculate t(-6).
0
Let t(q) = -2*q**2 - q - 17. What is t(-7)?
-108
Let j(z) = z**3 - z**2 + z + 1. What is j(2)?
7
Let c(t) = -3*t**3 + t**2 - 3*t - 2. What is c(-2)?
32
Let q(c) = -2*c + 22. Give q(11).
0
Let j(l) = l**2 + 12*l - 2. Determine j(-10).
-22
Let s(k) = -2*k**2 - 2*k + 7. Determine s(2).
-5
Let h(z) = -z**2 + 5*z + 58. Determine h(12).
-26
Let a(x) = -2*x + 28. Calculate a(6).
16
Let r(z) = -3*z + 113. What is r(34)?
11
Let f(i) = 2*i**2 - 18*i + 51. Calculate f(5).
11
Let v(l) = l**3 + 14*l**2 + 24*l + 4. Give v(-12).
4
Let b(c) = 6*c**2 - 2*c + 3. Give b(-4).
107
Let b(g) = -g**3 + 2*g**2 - 4*g - 17. Calculate b(6).
-185
Let b(q) = -29*q - 144. Give b(-5).
1
Let x(y) = -y**3 + 6*y**2 + 12*y - 4. Determine x(8).
-36
Let l(o) = -7*o**3 - o**2 - 2*o - 1. Give l(-1).
7
Let z(q) = -q**3 - 5*q**2 + 7*q + 12. Calculate z(-6).
6
Let w(r) = -r**2 + 5. What is w(-5)?
-20
Let p(q) = 19*q**2 - q + 1. Give p(1).
19
Let q(g) = -g**2 - 12*g - 17. Determine q(-9).
10
Let i(f) = -f**2 + f - 14. Give i(-8).
-86
Let s(a) = 3*a**2 + 21*a - 9. Give s(-7).
-9
Let d(w) = 5*w - 66. Calculate d(15).
9
Let i(r) = r**3 - 6*r - 32. Determine i(0).
-32
Let c(n) = -2*n**2 + 16*n - 15. Determine c(5).
15
Let v(i) = 20*i - 159. Give v(8).
1
Let s(p) = -p**3 + 6*p**2 + 3*p - 13. Calculate s(6).
5
Let k(j) = -j**2 - 9*j + 15. Determine k(-11).
-7
Let o(s) = -s**3 - 2*s**2 + s + 10. Give o(0).
10
Let d(g) = g**2 + 8*g + 5. Give d(-7).
-2
Let r(y) = -y**2 - y + 44. What is r(0)?
44
Let w(b) = -b**3 + 3*b**2 + 5*b - 13. Give w(3).
2
Let w(m) = -m**3 - 10*m**2 - 11*m - 13. What is w(-9)?
5
Let i(k) = k**2 + 1. What is i(-2)?
5
Let o(u) = 2*u**2 - 3*u - 3. Determine o(3).
6
Let d(x) = -19*x + 108. What is d(5)?
13
Let t(o) = -10*o - 17. Determine t(-3).
13
Let w(u) = u + 4. What is w(-4)?
0
Let p(u) = 4*u**2 + 25*u - 14. What is p(-7)?
7
Let i(b) = b**3 + 29*b**2 + 3*b - 10. Calculate i(-29).
-97
Let z(g) = -4*g - 92. Calculate z(-30).
28
Let d(c) = 3*c**3 + 83*c**2 - 30*c - 49. What is d(-28)?
7
Let b(y) = y**2 - 14*y - 14. Determine b(13).
-27
Let d(y) = y + 3. Determine d(-8).
-5
Let v(t) = -t**3 + 23*t**2 + 108*t - 7. Calculate v(27).
-7
Let p(h) = 3*h**3 - 14*h**2 - 6*h. Give p(5).
-5
Let q(b) = -2*b + 33. Determine q(18).
-3
Let k(f) = -31*f + 1. Give k(-1).
32
Let p(y) = -3*y**3 + 3*y**2 - 2*y + 3. What is p(2)?
-13
Let y(q) = 3*q - 13. What is y(10)?
17
Let v(o) = o**3 - o**2 + 27. What is v(0)?
27
Let f(d) = 2*d + 1. What is f(-6)?
-11
Let j(g) = g**2 + 12*g - 24. Give j(-15).
21
Let l(y) = -y**2 - 4*y + 43. Give l(-10).
-17
Let s(g) = 5*g - 5. What is s(2)?
5
Let q(r) = 7*r + 72. Determine q(-7).
23
Let q(k) = k**2 + 23*k + 135. What is q(-14)?
9
Let b(q) = -5*q - 10. Determine b(-9).
35
Let x(l) = 21*l**2 - 5*l - 5. What is x(-1)?
21
Let k(a) = a**2 + 29*a - 33. What is k(-32)?
63
Let u(j) = j**3 - 14*j**2 - 15*j + 7. Give u(15).
7
Let h(g) = g**2 - 4*g - 19. Determine h(6).
-7
Let l(x) = 18*x - 33. Determine l(-6).
-141
Let m(x) = -9*x**2 - 2*x - 1. What is m(-1)?
-8
Let y(o) = -5*o + 10. Determine y(2).
0
Let i(w) = w**3 - 5*w**2 - 4*w - 6. What is i(6)?
6
Let f(m) = -8*m + 32. Determine f(8).
-32
Let v(s) = s**3 + 12*s**2 - 15*s - 43. Give v(-13).
-17
Let c(i) = -59*i**3 - 3*i**2 + 7*i - 5. Calculate c(1).
-60
Let i(b) = -b - 15. Give i(-12).
-3
Let s(o) = o**2 + 44*o - 213. Give s(-49).
32
Let d(v) = -v**2 - 12*v - 5. What is d(-8)?
27
Let b(w) = 7*w**2 - 2*w - 2. Calculate b(-1).
7
Let y(a) = -a + 16. Give y(7).
9
Let w(v) = -v**2 + 106. What is w(-11)?
-15
Let p(a) = -a**3 - 9*a**2 - 16*a - 56. What is p(-8)?
8
Let u(w) = -2*w + 21. Give u(7).
7
Let l(o) = -4*o**3 + 11*o**2 - 4*o + 5. Determine l(3).
-16
Let n(b) = -25*b + 266. What is n(11)?
-9
Let c(i) = 3*i + 47. Give c(-15).
2
Let h(l) = 2*l - 14. Give h(10).
6
Let l(f) = -f**2 + 10*f - 11. Calculate l(8).
5
Let v(t) = -t**3 - 22*t**2 - 41*t - 16. Determine v(-20).
4
Let d(b) = -b**3 - 14*b**2 - 7. Calculate d(-14).
-7
Let t(y) = -26*y**3 - y - 1. Calculate t(1).
-28
Let c(r) = 3*r - 8. What is c(6)?
10
Let k(m) = -2*m**2 - 20*m + 41. What is k(-12)?
-7
Let b(r) = -r**2 - 32*r + 232. Calculate b(-38).
4
Let v(y) = -y**3 + 5*y**2 - 5*y + 4. Give v(2).
6
Let z(g) = -g**2 - 4*g + 4. Determine z(2).
-8
Let m(f) = f**2 + 4*f + 2. Calculate m(-2).
-2
Let l(r) = r**2 + 21*r + 29. What is l(-19)?
-9
Let n(q) = q + 10. Calculate n(-8).
2
Let g(h) = h**3 + 5*h**2 - 10*h - 17. Give g(-6).
7
Let a(k) = k - 1. Give a(-6).
-7
Let m(p) = -p**3 + 15*p**2 - 28*p + 18. Give m(13).
-8
Let b(j) = j**3 + 3*j**2 - 11*j. Determine b(-5).
5
Let w(a) = 2*a + 14. What is w(-8)?
-2
Let z(c) = c**3 - 10*c**2 - 48*c + 109. Calculate z(13).
-8
Let k(v) = -v**3 + 10*v**2 + 9*v + 27. Determine k(11).
5
Let v(y) = y**3 + 10*y**2 + 4*y - 4. Give v(0).
-4
Let b(t) = -10*t - 113. What is b(-11)?
-3
Let n(t) = -2*t**2 - 35*t - 20. Give n(-17).
-3
Let r(s) = s**2 + 19*s - 22. Give r(-16).
-70
Let n(t) = -4*t + 8. Calculate n(4).
-8
Let g(a) = a**2 + 16*a + 43. Calculate g(-13).
4
Let t(s) = 50*s**2 + 3*s - 2. Determine t(1).
51
Let i(f) = -f**3 - 4*f**2 - 25. Give i(-6).
47
Let x(u) = u**3 + 6*u**2 + 3*u - 2. What is x(-4)?
18
Let v(m) = -10*m**2 + 4. Give v(-2).
-36
Let z(w) = -w**3 + 6*w**2 + 6*w - 24. Calculate z(6).
12
Let y(z) = -6*z**2 - 2*z + 2. What is y(1)?
-6
Let s(h) = 5*h**3 - 4*h**2 + 7*h + 1. Give s(-3).
-191
Let r(a) = a**3 + 9*a**2 + 18*a + 1. What is r(-4)?
9
Let m(k) = 20*k - 30. Calculate m(-5).
-130
Let b(m) = -m**2 - 1. Calculate b(-1).
-2
Let c(o) = o**2 + 18*o - 28. Calculate c(-23).
87
Let y(m) = -m**2 - 11*m - 7. Give y(-7).
21
Let i(b) = -3*b**2 - 9*b - 15. Determine i(-3).
-15
Let p(k) = k**3 + 18*k**2 + 45*k - 12. Give p(-15).
-12
Let u(o) = -2*o**2 + 11*o + 1